
What is the remainder when 17717 is divided by 42?
35
Calculate the remainder when 8173 is divided by 43.
3
Calculate the remainder when 9273 is divided by 9258.
15
Calculate the remainder when 301482 is divided by 127.
111
Calculate the remainder when 47151 is divided by 4.
3
What is the remainder when 11368 is divided by 41?
11
What is the remainder when 353 is divided by 123?
107
What is the remainder when 27297 is divided by 182?
179
What is the remainder when 13299 is divided by 35?
34
What is the remainder when 602389 is divided by 59?
58
Calculate the remainder when 13653 is divided by 761.
716
What is the remainder when 660237 is divided by 29?
23
What is the remainder when 2783 is divided by 407?
341
What is the remainder when 178039 is divided by 18?
1
What is the remainder when 7541 is divided by 1883?
9
What is the remainder when 33915 is divided by 484?
35
What is the remainder when 94534 is divided by 534?
16
Calculate the remainder when 743 is divided by 516.
227
What is the remainder when 15994 is divided by 2283?
13
Calculate the remainder when 172976 is divided by 272.
256
Calculate the remainder when 64976 is divided by 833.
2
What is the remainder when 29399 is divided by 34?
23
Calculate the remainder when 312758 is divided by 7.
5
Calculate the remainder when 15860 is divided by 393.
140
What is the remainder when 697762 is divided by 17?
14
Calculate the remainder when 110208 is divided by 41.
0
Calculate the remainder when 1515 is divided by 447.
174
Calculate the remainder when 5230 is divided by 523.
0
What is the remainder when 749 is divided by 491?
258
Calculate the remainder when 1881782 is divided by 142.
140
What is the remainder when 7507 is divided by 764?
631
What is the remainder when 271195 is divided by 226?
221
What is the remainder when 149827 is divided by 2270?
7
What is the remainder when 35925 is divided by 114?
15
What is the remainder when 7360 is divided by 461?
445
What is the remainder when 114 is divided by 48?
18
What is the remainder when 36751 is divided by 8?
7
Calculate the remainder when 1435 is divided by 102.
7
Calculate the remainder when 250944 is divided by 26.
18
Calculate the remainder when 4786 is divided by 1650.
1486
What is the remainder when 153455 is divided by 153450?
5
What is the remainder when 2843 is divided by 169?
139
Calculate the remainder when 3249 is divided by 450.
99
Calculate the remainder when 318815 is divided by 144.
143
What is the remainder when 129703 is divided by 88?
79
What is the remainder when 882677 is divided by 1481?
1
What is the remainder when 77675 is divided by 26?
13
Calculate the remainder when 5359 is divided by 60.
19
Calculate the remainder when 5845 is divided by 166.
35
Calculate the remainder when 1232 is divided by 16.
0
What is the remainder when 362167 is divided by 402?
367
Calculate the remainder when 222724 is divided by 74235.
19
What is the remainder when 1516 is divided by 58?
8
Calculate the remainder when 79940 is divided by 24.
20
Calculate the remainder when 11565 is divided by 5766.
33
Calculate the remainder when 3457 is divided by 77.
69
What is the remainder when 893 is divided by 183?
161
Calculate the remainder when 147280 is divided by 36.
4
What is the remainder when 22443 is divided by 19?
4
Calculate the remainder when 1754 is divided by 31.
18
What is the remainder when 22409 is divided by 36?
17
Calculate the remainder when 230888 is divided by 852.
848
Calculate the remainder when 260709 is divided by 4573.
48
What is the remainder when 7127 is divided by 22?
21
Calculate the remainder when 3982 is divided by 3982.
0
Calculate the remainder when 38050 is divided by 4748.
66
Calculate the remainder when 17364 is divided by 23.
22
What is the remainder when 29914 is divided by 35?
24
What is the remainder when 15922 is divided by 7859?
204
Calculate the remainder when 39462 is divided by 9865.
2
Calculate the remainder when 4799 is divided by 800.
799
Calculate the remainder when 25546 is divided by 336.
10
What is the remainder when 6770 is divided by 3383?
4
Calculate the remainder when 83440 is divided by 690.
640
What is the remainder when 1273413 is divided by 169?
167
What is the remainder when 3847 is divided by 386?
373
Calculate the remainder when 398118 is divided by 132702.
12
Calculate the remainder when 6029 is divided by 10.
9
What is the remainder when 25110 is divided by 256?
22
What is the remainder when 9283 is divided by 3025?
208
What is the remainder when 63423 is divided by 287?
283
Calculate the remainder when 10460 is divided by 83.
2
What is the remainder when 6203 is divided by 28?
15
Calculate the remainder when 3147 is divided by 295.
197
What is the remainder when 3025990 is divided by 1009?
1008
Calculate the remainder when 10329 is divided by 372.
285
What is the remainder when 3683 is divided by 527?
521
What is the remainder when 114912 is divided by 38270?
102
Calculate the remainder when 140194 is divided by 372.
322
Calculate the remainder when 1073 is divided by 323.
104
What is the remainder when 86636 is divided by 225?
11
Calculate the remainder when 2170 is divided by 29.
24
Calculate the remainder when 13284 is divided by 202.
154
Calculate the remainder when 256423 is divided by 85469.
16
Calculate the remainder when 179527 is divided by 44881.
3
What is the remainder when 72282 is divided by 502?
496
Calculate the remainder when 89819 is divided by 22425.
119
What is the remainder when 1583 is divided by 69?
65
Calculate the remainder when 347 is divided by 194.
153
What is the remainder when 7731 is divided by 1157?
789
What is the remainder when 75665 is divided by 78?
5
What is the remainder when 110602 is divided by 36861?
19
What is the remainder when 273924 is divided by 1505?
14
What is the remainder when 124076 is divided by 1034?
1030
Calculate the remainder when 4517 is divided by 739.
83
What is the remainder when 1578 is divided by 255?
48
Calculate the remainder when 87769 is divided by 10.
9
Calculate the remainder when 84044 is divided by 13990.
104
Calculate the remainder when 249451 is divided by 3723.
10
What is the remainder when 6556 is divided by 962?
784
Calculate the remainder when 27778 is divided by 66.
58
Calculate the remainder when 1497 is divided by 203.
76
Calculate the remainder when 5686 is divided by 79.
77
What is the remainder when 1225 is divided by 210?
175
Calculate the remainder when 244 is divided by 30.
4
Calculate the remainder when 337 is divided by 218.
119
Calculate the remainder when 139523 is divided by 428.
423
What is the remainder when 12276 is divided by 723?
708
Calculate the remainder when 920 is divided by 56.
24
Calculate the remainder when 1189 is divided by 35.
34
Calculate the remainder when 272 is divided by 120.
32
Calculate the remainder when 1296 is divided by 750.
546
Calculate the remainder when 67724 is divided by 3386.
4
What is the remainder when 8253 is divided by 8202?
51
What is the remainder when 2225 is divided by 23?
17
Calculate the remainder when 1905 is divided by 889.
127
What is the remainder when 628890 is divided by 32?
26
Calculate the remainder when 1796 is divided by 40.
36
Calculate the remainder when 609802 is divided by 36.
34
What is the remainder when 1846 is divided by 245?
131
Calculate the remainder when 664 is divided by 79.
32
Calculate the remainder when 26851 is divided by 28.
27
Calculate the remainder when 1617 is divided by 982.
635
Calculate the remainder when 10437 is divided by 1145.
132
What is the remainder when 5901 is divided by 2320?
1261
Calculate the remainder when 192860 is divided by 492.
488
Calculate the remainder when 1285 is divided by 1083.
202
Calculate the remainder when 288561 is divided by 26.
13
Calculate the remainder when 36804 is divided by 511.
12
What is the remainder when 19410 is divided by 1492?
14
Calculate the remainder when 3232 is divided by 455.
47
What is the remainder when 21600 is divided by 21592?
8
What is the remainder when 28559 is divided by 165?
14
Calculate the remainder when 194489 is divided by 231.
218
What is the remainder when 9301 is divided by 116?
21
What is the remainder when 480048 is divided by 64?
48
What is the